{"id":63,"date":"2021-02-10T21:14:31","date_gmt":"2021-02-10T21:14:31","guid":{"rendered":"http:\/\/tester.rs\/rasadniksavarika\/?page_id=63"},"modified":"2021-03-23T18:39:01","modified_gmt":"2021-03-23T18:39:01","slug":"o-nama","status":"publish","type":"page","link":"https:\/\/rasadniksavarika.rs\/index.php\/o-nama\/","title":{"rendered":"O nama"},"content":{"rendered":"\n<div class=\"slider-wrapper relative\" id=\"slider-1834470154\" >\n    <div class=\"slider slider-nav-circle slider-nav-large slider-nav-light slider-style-normal slider-show-nav\"\n        data-flickity-options='{\n            \"cellAlign\": \"center\",\n            \"imagesLoaded\": true,\n            \"lazyLoad\": 1,\n            \"freeScroll\": false,\n            \"wrapAround\": true,\n            \"autoPlay\": 6000,\n            \"pauseAutoPlayOnHover\" : true,\n            \"prevNextButtons\": true,\n            \"contain\" : true,\n            \"adaptiveHeight\" : true,\n            \"dragThreshold\" : 10,\n            \"percentPosition\": true,\n            \"pageDots\": false,\n            \"rightToLeft\": false,\n            \"draggable\": false,\n            \"selectedAttraction\": 0.1,\n            \"parallax\" : 0,\n            \"friction\": 0.6        }'\n        >\n        \n\n\n  <div class=\"banner has-hover has-slide-effect slide-zoom-in\" id=\"banner-1425629567\">\n          <div class=\"banner-inner fill\">\n        <div class=\"banner-bg fill\" >\n            <div class=\"bg fill bg-fill \"><\/div>\n                        <div class=\"overlay\"><\/div>            \n                    <\/div>\n\t\t\n        <div class=\"banner-layers container\">\n            <div class=\"fill banner-link\"><\/div>            \n\n   <div id=\"text-box-602398126\" class=\"text-box banner-layer x50 md-x50 lg-x50 y50 md-y50 lg-y50 res-text\">\n                     <div data-animate=\"flipInY\">           <div class=\"text-box-content text dark\">\n              \n              <div class=\"text-inner text-center\">\n                  \n\n<link href=\"https:\/\/fonts.googleapis.com\/css?family=Courgette\" rel=\"stylesheet\">\n<h1 class=\"h-large\" style=\"font-family:courgette\"><strong><span style=\"font-size: 190%;\">O nama<\/span><\/strong><\/h1>\n<div class=\"is-divider divider clearfix\" style=\"background-color:rgb(255, 255, 255);\"><\/div>\n\n<link href=\"https:\/\/fonts.googleapis.com\/css?family=Courgette\" rel=\"stylesheet\">\n<h2 class=\"h-large\" style=\"font-family:courgette\"><strong><span style=\"font-size: 130%;\">Rasadnik Savarika<\/span><\/strong><\/h2>\n\n              <\/div>\n           <\/div>\n       <\/div>                     \n<style>\n#text-box-602398126 {\n  width: 100%;\n}\n#text-box-602398126 .text-box-content {\n  font-size: 100%;\n}\n@media (min-width:550px) {\n  #text-box-602398126 {\n    width: 100%;\n  }\n}\n<\/style>\n    <\/div>\n \n\n        <\/div>\n      <\/div>\n\n            \n<style>\n#banner-1425629567 {\n  padding-top: 50%;\n}\n#banner-1425629567 .bg.bg-loaded {\n  background-image: url(https:\/\/rasadniksavarika.rs\/wp-content\/uploads\/2021\/03\/greenhouse-2499758_1920.jpg);\n}\n#banner-1425629567 .overlay {\n  background-color: rgba(0, 0, 0, 0.43);\n}\n#banner-1425629567 .bg {\n  background-position: 0% 49%;\n}\n#banner-1425629567 .ux-shape-divider--top svg {\n  height: 150px;\n  --divider-top-width: 100%;\n}\n#banner-1425629567 .ux-shape-divider--bottom svg {\n  height: 150px;\n  --divider-width: 100%;\n}\n@media (min-width:550px) {\n  #banner-1425629567 {\n    padding-top: 50%;\n  }\n}\n@media (min-width:850px) {\n  #banner-1425629567 {\n    padding-top: 25%;\n  }\n}\n<\/style>\n  <\/div>\n\n\n\n     <\/div>\n\n     <div class=\"loading-spin dark large centered\"><\/div>\n\n     \t<\/div>\n\n\n\t<section class=\"section\" id=\"section_558135208\">\n\t\t<div class=\"bg section-bg fill bg-fill  bg-loaded\" >\n\n\t\t\t\n\t\t\t\n\t\t\t\n\n\t\t<\/div>\n\n\t\t\n\n\t\t<div class=\"section-content relative\">\n\t\t\t\n\n<div class=\"row\" style=\"max-width:1200px\" id=\"row-925720645\">\n\n\n\t<div id=\"col-1391383153\" class=\"col small-12 large-12\"  >\n\t\t\t\t<div class=\"col-inner text-center\"  >\n\t\t\t\n\t\t\t\n\n<div class=\"row row-small\" style=\"max-width:1200px\" id=\"row-1165986926\">\n\n\n\t<div id=\"col-1062889492\" class=\"col medium-6 small-12 large-3\"  >\n\t\t\t\t<div class=\"col-inner text-center\" style=\"background-color:rgb(255, 233, 214);\" >\n\t\t\t\n\t<div class=\"is-border\"\n\t\tstyle=\"border-width:2px 2px 2px 2px;\">\n\t<\/div>\n\t\t\t\n\n\t<div class=\"img has-hover x md-x lg-x y md-y lg-y\" id=\"image_2035229317\">\n\t\t\t\t\t\t\t\t<div class=\"img-inner dark\" >\n\t\t\t\t\t\t\t\t\t\n\t\t\t\t\t<\/div>\n\t\t\t\t\t\t\t\t\n<style>\n#image_2035229317 {\n  width: 25%;\n}\n@media (min-width:550px) {\n  #image_2035229317 {\n    width: 18%;\n  }\n}\n@media (min-width:850px) {\n  #image_2035229317 {\n    width: 28%;\n  }\n}\n<\/style>\n\t<\/div>\n\t\n\n\t<div id=\"text-3712772118\" class=\"text\">\n\t\t\n\n<h2>100+<\/h2>\n\t\t\n<style>\n#text-3712772118 {\n  text-align: center;\n}\n<\/style>\n\t<\/div>\n\t\n\n\t\t<div class=\"icon-box featured-box icon-box-top text-left\"  >\n\t\t\t\t<div class=\"icon-box-text last-reset\">\n\t\t\t\t\t\t\t\t\t\n\n\t<div id=\"text-162120413\" class=\"text\">\n\t\t\n\n<p>Zadovoljnih klijenata dnevno<\/p>\n\t\t\n<style>\n#text-162120413 {\n  text-align: center;\n}\n<\/style>\n\t<\/div>\n\t\n\n\t\t<\/div>\n\t<\/div>\n\t\n\t\n\n\t\t<\/div>\n\t\t\t\t\n<style>\n#col-1062889492 > .col-inner {\n  padding: 30px 30px 30px 30px;\n}\n<\/style>\n\t<\/div>\n\n\t\n\n\t<div id=\"col-1028070877\" class=\"col medium-6 small-12 large-3\"  >\n\t\t\t\t<div class=\"col-inner text-center\" style=\"background-color:rgb(244, 255, 214);\" >\n\t\t\t\n\t<div class=\"is-border\"\n\t\tstyle=\"border-width:2px 2px 2px 2px;\">\n\t<\/div>\n\t\t\t\n\n\t<div class=\"img has-hover x md-x lg-x y md-y lg-y\" id=\"image_1714617740\">\n\t\t\t\t\t\t\t\t<div class=\"img-inner dark\" >\n\t\t\t\t\t\t\t\t\t\n\t\t\t\t\t<\/div>\n\t\t\t\t\t\t\t\t\n<style>\n#image_1714617740 {\n  width: 25%;\n}\n@media (min-width:550px) {\n  #image_1714617740 {\n    width: 18%;\n  }\n}\n@media (min-width:850px) {\n  #image_1714617740 {\n    width: 28%;\n  }\n}\n<\/style>\n\t<\/div>\n\t\n\n\t<div id=\"text-2986482744\" class=\"text\">\n\t\t\n\n<h2>17<\/h2>\n\t\t\n<style>\n#text-2986482744 {\n  text-align: center;\n}\n<\/style>\n\t<\/div>\n\t\n\n\t\t<div class=\"icon-box featured-box icon-box-top text-left\"  >\n\t\t\t\t<div class=\"icon-box-text last-reset\">\n\t\t\t\t\t\t\t\t\t\n\n\t<div id=\"text-3092542700\" class=\"text\">\n\t\t\n\n<p>Godina iskustva<\/p>\n\t\t\n<style>\n#text-3092542700 {\n  text-align: center;\n}\n<\/style>\n\t<\/div>\n\t\n\n\t\t<\/div>\n\t<\/div>\n\t\n\t\n\n\t\t<\/div>\n\t\t\t\t\n<style>\n#col-1028070877 > .col-inner {\n  padding: 30px 30px 30px 30px;\n}\n<\/style>\n\t<\/div>\n\n\t\n\n\t<div id=\"col-1231080034\" class=\"col medium-6 small-12 large-3\"  >\n\t\t\t\t<div class=\"col-inner text-center\" style=\"background-color:rgb(214, 255, 231);\" >\n\t\t\t\n\t<div class=\"is-border\"\n\t\tstyle=\"border-width:2px 2px 2px 2px;\">\n\t<\/div>\n\t\t\t\n\n\t<div class=\"img has-hover x md-x lg-x y md-y lg-y\" id=\"image_956748321\">\n\t\t\t\t\t\t\t\t<div class=\"img-inner dark\" >\n\t\t\t\t\t\t\t\t\t\n\t\t\t\t\t<\/div>\n\t\t\t\t\t\t\t\t\n<style>\n#image_956748321 {\n  width: 25%;\n}\n@media (min-width:550px) {\n  #image_956748321 {\n    width: 18%;\n  }\n}\n@media (min-width:850px) {\n  #image_956748321 {\n    width: 28%;\n  }\n}\n<\/style>\n\t<\/div>\n\t\n\n\t<div id=\"text-1652154545\" class=\"text\">\n\t\t\n\n<h2>9000+<\/h2>\n\t\t\n<style>\n#text-1652154545 {\n  text-align: center;\n}\n<\/style>\n\t<\/div>\n\t\n\n\t\t<div class=\"icon-box featured-box icon-box-top text-left\"  >\n\t\t\t\t<div class=\"icon-box-text last-reset\">\n\t\t\t\t\t\t\t\t\t\n\n\t<div id=\"text-2936297032\" class=\"text\">\n\t\t\n\n<p>Prodatih sadnica<\/p>\n\t\t\n<style>\n#text-2936297032 {\n  text-align: center;\n}\n<\/style>\n\t<\/div>\n\t\n\n\t\t<\/div>\n\t<\/div>\n\t\n\t\n\n\t\t<\/div>\n\t\t\t\t\n<style>\n#col-1231080034 > .col-inner {\n  padding: 30px 30px 30px 30px;\n}\n<\/style>\n\t<\/div>\n\n\t\n\n\t<div id=\"col-1540290200\" class=\"col medium-6 small-12 large-3\"  >\n\t\t\t\t<div class=\"col-inner text-center\" style=\"background-color:rgb(214, 248, 255);\" >\n\t\t\t\n\t<div class=\"is-border\"\n\t\tstyle=\"border-width:2px 2px 2px 2px;\">\n\t<\/div>\n\t\t\t\n\n\t<div class=\"img has-hover x md-x lg-x y md-y lg-y\" id=\"image_2095105948\">\n\t\t\t\t\t\t\t\t<div class=\"img-inner dark\" >\n\t\t\t\t\t\t\t\t\t\n\t\t\t\t\t<\/div>\n\t\t\t\t\t\t\t\t\n<style>\n#image_2095105948 {\n  width: 25%;\n}\n@media (min-width:550px) {\n  #image_2095105948 {\n    width: 18%;\n  }\n}\n@media (min-width:850px) {\n  #image_2095105948 {\n    width: 28%;\n  }\n}\n<\/style>\n\t<\/div>\n\t\n\n\t<div id=\"text-2114156661\" class=\"text\">\n\t\t\n\n<h2>75<\/h2>\n\t\t\n<style>\n#text-2114156661 {\n  text-align: center;\n}\n<\/style>\n\t<\/div>\n\t\n\n\t\t<div class=\"icon-box featured-box icon-box-top text-left\"  >\n\t\t\t\t<div class=\"icon-box-text last-reset\">\n\t\t\t\t\t\t\t\t\t\n\n\t<div id=\"text-2082072068\" class=\"text\">\n\t\t\n\n<p>Razli\u010ditih vrsta sadnica<\/p>\n\t\t\n<style>\n#text-2082072068 {\n  text-align: center;\n}\n<\/style>\n\t<\/div>\n\t\n\n\t\t<\/div>\n\t<\/div>\n\t\n\t\n\n\t\t<\/div>\n\t\t\t\t\n<style>\n#col-1540290200 > .col-inner {\n  padding: 30px 30px 30px 30px;\n}\n<\/style>\n\t<\/div>\n\n\t\n\n<\/div>\n\n\t\t<\/div>\n\t\t\t\t\n<style>\n#col-1391383153 > .col-inner {\n  margin: -99px 0px 0px 0px;\n}\n<\/style>\n\t<\/div>\n\n\t\n\n<\/div>\n\n\t\t<\/div>\n\n\t\t\n<style>\n#section_558135208 {\n  padding-top: 86px;\n  padding-bottom: 86px;\n  margin-bottom: -100px;\n}\n#section_558135208 .ux-shape-divider--top svg {\n  height: 150px;\n  --divider-top-width: 100%;\n}\n#section_558135208 .ux-shape-divider--bottom svg {\n  height: 150px;\n  --divider-width: 100%;\n}\n@media (min-width:550px) {\n  #section_558135208 {\n    padding-top: 15px;\n    padding-bottom: 15px;\n  }\n}\n<\/style>\n\t<\/section>\n\t\n<div class=\"row row-collapse row-full-width\"  id=\"row-1892906503\">\n\n\n\t<div id=\"col-442668149\" class=\"col medium-6 small-12 large-6\"  >\n\t\t\t\t<div class=\"col-inner\"  >\n\t\t\t\n\t\t\t\n\n\n  <div class=\"banner has-hover\" id=\"banner-330825907\">\n          <div class=\"banner-inner fill\">\n        <div class=\"banner-bg fill\" >\n            <div class=\"bg fill bg-fill \"><\/div>\n                                    \n                    <\/div>\n\t\t\n        <div class=\"banner-layers container\">\n            <div class=\"fill banner-link\"><\/div>               <div id=\"text-box-1437569200\" class=\"text-box banner-layer x50 md-x50 lg-x50 y50 md-y50 lg-y50 res-text\">\n                     <div data-animate=\"fadeIn\">           <div class=\"text-box-content text dark\">\n              \n              <div class=\"text-inner text-center\">\n                  \n\n\n              <\/div>\n           <\/div>\n       <\/div>                     \n<style>\n#text-box-1437569200 {\n  width: 60%;\n}\n#text-box-1437569200 .text-box-content {\n  font-size: 100%;\n}\n@media (min-width:550px) {\n  #text-box-1437569200 {\n    width: 60%;\n  }\n}\n<\/style>\n    <\/div>\n         <\/div>\n      <\/div>\n\n            \n<style>\n#banner-330825907 {\n  padding-top: 150px;\n}\n#banner-330825907 .bg.bg-loaded {\n  background-image: url(https:\/\/rasadniksavarika.rs\/wp-content\/uploads\/2021\/03\/onama-dekorativna_01.jpg);\n}\n#banner-330825907 .bg {\n  background-position: 8% 11%;\n}\n#banner-330825907 .ux-shape-divider--top svg {\n  height: 150px;\n  --divider-top-width: 100%;\n}\n#banner-330825907 .ux-shape-divider--bottom svg {\n  height: 150px;\n  --divider-width: 100%;\n}\n@media (min-width:550px) {\n  #banner-330825907 {\n    padding-top: 500px;\n  }\n}\n<\/style>\n  <\/div>\n\n\n\n\t\t<\/div>\n\t\t\t\t\n<style>\n#col-442668149 > .col-inner {\n  padding: 0px 0px 0px 0px;\n  margin: 0px 0px 0px 0px;\n}\n<\/style>\n\t<\/div>\n\n\t\n\n\t<div id=\"col-259818228\" class=\"col medium-6 small-12 large-6\"  >\n\t\t\t\t<div class=\"col-inner\"  >\n\t\t\t\n\t\t\t\n\n\n  <div class=\"banner has-hover\" id=\"banner-1529962442\">\n          <div class=\"banner-inner fill\">\n        <div class=\"banner-bg fill\" >\n            <div class=\"bg fill bg-fill \"><\/div>\n                                    \n                    <\/div>\n\t\t\n        <div class=\"banner-layers container\">\n            <div class=\"fill banner-link\"><\/div>            \n\n   <div id=\"text-box-1084582332\" class=\"text-box banner-layer x50 md-x50 lg-x50 y50 md-y50 lg-y50 res-text\">\n                                <div class=\"text-box-content text \">\n              \n              <div class=\"text-inner text-left\">\n                  \n\n\t<div id=\"text-3773208419\" class=\"text\">\n\t\t\n\n<br><h2>KAKO JE SVE PO\u010cELO?<\/h2>\n<p>&nbsp;<\/p>\n<h3 style=\"text-align: left;\">Rasadnik Savarika je zapo\u010deo svoj rad prvenstveno iz velike ljubavi prema prirodi i biljkama.<br>Ukoliko je dvori\u0161te lepo ure\u0111eno, ose\u0107a\u0107ete se prijatno u svakom trenutku koje provedete u njemu. Ono \u0107e vam davati dodatnu energiju i snagu koja vam je potrebna svakog dana. Svi mi \u017eivimo br\u017ee nego \u0161to bi trebalo i ne sti\u017eemo da u\u017eivamo u malim stvarima koje mnogo zna\u010de u \u017eivotu.<\/h3>\n\t\t\n<style>\n#text-3773208419 {\n  line-height: 3;\n  text-align: center;\n}\n<\/style>\n\t<\/div>\n\t\n\n              <\/div>\n           <\/div>\n                            \n<style>\n#text-box-1084582332 {\n  width: 90%;\n}\n#text-box-1084582332 .text-box-content {\n  font-size: 110%;\n}\n<\/style>\n    <\/div>\n \n\n        <\/div>\n      <\/div>\n\n            \n<style>\n#banner-1529962442 {\n  padding-top: 500px;\n  background-color: rgb(255,255,255);\n}\n#banner-1529962442 .ux-shape-divider--top svg {\n  height: 150px;\n  --divider-top-width: 100%;\n}\n#banner-1529962442 .ux-shape-divider--bottom svg {\n  height: 150px;\n  --divider-width: 100%;\n}\n<\/style>\n  <\/div>\n\n\n\n\t\t<\/div>\n\t\t\t\t\t<\/div>\n\n\t\n\n<\/div>\n<div class=\"row row-collapse row-full-width\"  id=\"row-201109236\">\n\n\n\t<div id=\"col-1351970723\" class=\"col medium-6 small-12 large-6\"  >\n\t\t\t\t<div class=\"col-inner\"  >\n\t\t\t\n\t\t\t\n\n\n  <div class=\"banner has-hover\" id=\"banner-96996368\">\n          <div class=\"banner-inner fill\">\n        <div class=\"banner-bg fill\" >\n            <div class=\"bg fill bg-fill \"><\/div>\n                                    \n                    <\/div>\n\t\t\n        <div class=\"banner-layers container\">\n            <div class=\"fill banner-link\"><\/div>            \n\n   <div id=\"text-box-1875741606\" class=\"text-box banner-layer x50 md-x50 lg-x50 y50 md-y50 lg-y50 res-text\">\n                                <div class=\"text-box-content text \">\n              \n              <div class=\"text-inner text-center\">\n                  \n\n\t<div id=\"text-3350366874\" class=\"text\">\n\t\t\n\n<br><h2>NA\u0160 MOTO<\/h2>\n<p>&nbsp;<\/p>\n<h3 style=\"text-align: left;\">Sam boravak na otvorenom u \u010doveku budi \u017eelju za ure\u0111enjem tog prostora. Ukusi su razli\u010diti, ali ipak postoje neka osnovna pravila koja se moraju po\u0161tovani prilikom izgradnje vrta. Vrt, ukoliko se dobro isplanira, predstavlja\u0107e skloni\u0161te u koje se mo\u017eete povu\u0107i i provoditi mirne trenutke u dru\u0161tvu dragih osoba.<\/h3>\n<h3 style=\"text-align: left;\">Ure\u0111enje vrta zahteva dobru pripremu i planiranje, kao i ure\u0111enje bilo kog dela ku\u0107e. Potrebno je obratiti pa\u017enju na to \u010demu \u0107e vrt koristiti, gde se nalazi u odnosu na ulicu, kakva mu je pozicija u odnosu na ku\u0107u i pomo\u0107ne zgrade, kakva je osvetljenost vrta i sli\u010dno. Najva\u017enije je izabrati prave biljke, ba\u0161 one koje \u0107e u va\u0161oj ba\u0161ti izgledati najlep\u0161e. Tako\u0111e, ako imate prostora i mogu\u0107nosti, dodajte vodeni element u va\u0161 vrt. To mo\u017ee biti malo jezerce ili mala fontana. Voda unosi posebnu dra\u017e u prirodno okru\u017eenje.<\/h3>\n<h3>&nbsp;<\/h3>\n<h3 style=\"text-align: center;\">MI \u0106EMO VAM POMO\u0106I DA VA\u0160 VRT ZABLISTA!<\/h3>\n\t\t\n<style>\n#text-3350366874 {\n  font-size: 0.75rem;\n  line-height: 0.75;\n}\n<\/style>\n\t<\/div>\n\t\n\n              <\/div>\n           <\/div>\n                            \n<style>\n#text-box-1875741606 {\n  width: 90%;\n}\n#text-box-1875741606 .text-box-content {\n  font-size: 110%;\n}\n<\/style>\n    <\/div>\n \n\n        <\/div>\n      <\/div>\n\n            \n<style>\n#banner-96996368 {\n  padding-top: 500px;\n  background-color: rgb(255,255,255);\n}\n#banner-96996368 .ux-shape-divider--top svg {\n  height: 150px;\n  --divider-top-width: 100%;\n}\n#banner-96996368 .ux-shape-divider--bottom svg {\n  height: 150px;\n  --divider-width: 100%;\n}\n<\/style>\n  <\/div>\n\n\n\n\t\t<\/div>\n\t\t\t\t\t<\/div>\n\n\t\n\n\t<div id=\"col-605064728\" class=\"col medium-6 small-12 large-6 small-col-first\"  >\n\t\t\t\t<div class=\"col-inner\"  >\n\t\t\t\n\t\t\t\n\n\n  <div class=\"banner has-hover\" id=\"banner-1634348347\">\n          <div class=\"banner-inner fill\">\n        <div class=\"banner-bg fill\" >\n            <div class=\"bg fill bg-fill \"><\/div>\n                                    \n                    <\/div>\n\t\t\n        <div class=\"banner-layers container\">\n            <div class=\"fill banner-link\"><\/div>               <div id=\"text-box-9198789\" class=\"text-box banner-layer x50 md-x50 lg-x50 y50 md-y50 lg-y50 res-text\">\n                     <div data-animate=\"fadeIn\">           <div class=\"text-box-content text dark\">\n              \n              <div class=\"text-inner text-center\">\n                  \n\n\n              <\/div>\n           <\/div>\n       <\/div>                     \n<style>\n#text-box-9198789 {\n  width: 60%;\n}\n#text-box-9198789 .text-box-content {\n  font-size: 100%;\n}\n@media (min-width:550px) {\n  #text-box-9198789 {\n    width: 60%;\n  }\n}\n<\/style>\n    <\/div>\n         <\/div>\n      <\/div>\n\n            \n<style>\n#banner-1634348347 {\n  padding-top: 150px;\n}\n#banner-1634348347 .bg.bg-loaded {\n  background-image: url(https:\/\/i0.wp.com\/rasadniksavarika.rs\/wp-content\/uploads\/2021\/03\/onama-dekorativna_04.jpg?fit=1020%2C680&ssl=1);\n}\n#banner-1634348347 .ux-shape-divider--top svg {\n  height: 150px;\n  --divider-top-width: 100%;\n}\n#banner-1634348347 .ux-shape-divider--bottom svg {\n  height: 150px;\n  --divider-width: 100%;\n}\n@media (min-width:550px) {\n  #banner-1634348347 {\n    padding-top: 500px;\n  }\n}\n<\/style>\n  <\/div>\n\n\n\n\t\t<\/div>\n\t\t\t\t\t<\/div>\n\n\t\n\n<\/div>\n\t<section class=\"section\" id=\"section_1104626054\">\n\t\t<div class=\"bg section-bg fill bg-fill  bg-loaded\" >\n\n\t\t\t\n\t\t\t\n\t\t\t\n\n\t\t<\/div>\n\n\t\t\n\n\t\t<div class=\"section-content relative\">\n\t\t\t\n\n<div class=\"row row-full-width\"  id=\"row-130628693\">\n\n\n\t<div id=\"col-1722863838\" class=\"col small-12 large-12\"  >\n\t\t\t\t<div class=\"col-inner\"  >\n\t\t\t\n\t\t\t\n\n\n  <div class=\"banner has-hover\" id=\"banner-336204371\">\n          <div class=\"banner-inner fill\">\n        <div class=\"banner-bg fill\" >\n            <div class=\"bg fill bg-fill \"><\/div>\n                        <div class=\"overlay\"><\/div>            \n                    <\/div>\n\t\t\n        <div class=\"banner-layers container\">\n            <div class=\"fill banner-link\"><\/div>            \n\n   <div id=\"text-box-1218163427\" class=\"text-box banner-layer x50 md-x50 lg-x50 y50 md-y50 lg-y50 res-text\">\n                                <div class=\"text-box-content text dark\">\n              \n              <div class=\"text-inner text-center\">\n                  \n\n\t<div id=\"text-2414772251\" class=\"text\">\n\t\t\n\n<h3><strong>PRATITE NAS NA DRU\u0160TVENIM MRE\u017dAMA<\/strong><\/h3>\n<p>Pratite nas i uvek budite u toku!<\/p>\n\t\t\n<style>\n#text-2414772251 {\n  font-size: 1rem;\n  line-height: 3;\n}\n@media (min-width:550px) {\n  #text-2414772251 {\n    font-size: 1.25rem;\n  }\n}\n@media (min-width:850px) {\n  #text-2414772251 {\n    font-size: 1.5rem;\n  }\n}\n<\/style>\n\t<\/div>\n\t\n<div class=\"social-icons follow-icons\" style=\"font-size:130%\"><a href=\"https:\/\/www.facebook.com\/Savarikapolom\" target=\"_blank\" data-label=\"Facebook\" rel=\"noopener noreferrer nofollow\" class=\"icon button circle is-outline facebook tooltip\" title=\"Follow on Facebook\" aria-label=\"Follow on Facebook\"><i class=\"icon-facebook\" ><\/i><\/a><a href=\"https:\/\/www.instagram.com\/rasadnik_savarika\/\" target=\"_blank\" rel=\"noopener noreferrer nofollow\" data-label=\"Instagram\" class=\"icon button circle is-outline  instagram tooltip\" title=\"Follow on Instagram\" aria-label=\"Follow on Instagram\"><i class=\"icon-instagram\" ><\/i><\/a><\/div>\n\n\n              <\/div>\n           <\/div>\n                            \n<style>\n#text-box-1218163427 {\n  width: 92%;\n}\n#text-box-1218163427 .text-box-content {\n  font-size: 100%;\n}\n@media (min-width:550px) {\n  #text-box-1218163427 {\n    width: 60%;\n  }\n}\n<\/style>\n    <\/div>\n \n\n        <\/div>\n      <\/div>\n\n            \n<style>\n#banner-336204371 {\n  padding-top: 260px;\n  background-color: rgb(27, 79, 42);\n}\n#banner-336204371 .bg.bg-loaded {\n  background-image: url(https:\/\/i0.wp.com\/rasadniksavarika.rs\/wp-content\/uploads\/2021\/03\/macro-1840261_1920.jpg?fit=1020%2C680&ssl=1);\n}\n#banner-336204371 .overlay {\n  background-color: rgba(124, 119, 119, 0.6);\n}\n#banner-336204371 .bg {\n  background-position: 0% 59%;\n}\n#banner-336204371 .ux-shape-divider--top svg {\n  height: 150px;\n  --divider-top-width: 100%;\n}\n#banner-336204371 .ux-shape-divider--bottom svg {\n  height: 150px;\n  --divider-width: 100%;\n}\n<\/style>\n  <\/div>\n\n\n\n\t\t<\/div>\n\t\t\t\t\t<\/div>\n\n\t\n\n\n<style>\n#row-130628693 > .col > .col-inner {\n  padding: 0px 0px 0px 0px;\n}\n<\/style>\n<\/div>\n\n\t\t<\/div>\n\n\t\t\n<style>\n#section_1104626054 {\n  padding-top: 30px;\n  padding-bottom: 30px;\n  margin-bottom: 0px;\n  min-height: 0px;\n}\n#section_1104626054 .ux-shape-divider--top svg {\n  height: 150px;\n  --divider-top-width: 100%;\n}\n#section_1104626054 .ux-shape-divider--bottom svg {\n  height: 150px;\n  --divider-width: 100%;\n}\n<\/style>\n\t<\/section>\n\t\n","protected":false},"excerpt":{"rendered":"","protected":false},"author":1,"featured_media":0,"parent":0,"menu_order":3,"comment_status":"closed","ping_status":"closed","template":"page-blank.php","meta":{"footnotes":""},"class_list":["post-63","page","type-page","status-publish","hentry"],"jetpack_sharing_enabled":true,"_links":{"self":[{"href":"https:\/\/rasadniksavarika.rs\/index.php\/wp-json\/wp\/v2\/pages\/63","targetHints":{"allow":["GET"]}}],"collection":[{"href":"https:\/\/rasadniksavarika.rs\/index.php\/wp-json\/wp\/v2\/pages"}],"about":[{"href":"https:\/\/rasadniksavarika.rs\/index.php\/wp-json\/wp\/v2\/types\/page"}],"author":[{"embeddable":true,"href":"https:\/\/rasadniksavarika.rs\/index.php\/wp-json\/wp\/v2\/users\/1"}],"replies":[{"embeddable":true,"href":"https:\/\/rasadniksavarika.rs\/index.php\/wp-json\/wp\/v2\/comments?post=63"}],"version-history":[{"count":95,"href":"https:\/\/rasadniksavarika.rs\/index.php\/wp-json\/wp\/v2\/pages\/63\/revisions"}],"predecessor-version":[{"id":1178,"href":"https:\/\/rasadniksavarika.rs\/index.php\/wp-json\/wp\/v2\/pages\/63\/revisions\/1178"}],"wp:attachment":[{"href":"https:\/\/rasadniksavarika.rs\/index.php\/wp-json\/wp\/v2\/media?parent=63"}],"curies":[{"name":"wp","href":"https:\/\/api.w.org\/{rel}","templated":true}]}}