{"id":746,"date":"2021-03-13T13:46:47","date_gmt":"2021-03-13T13:46:47","guid":{"rendered":"http:\/\/rasadniksavarika.rs\/?post_type=product&#038;p=746"},"modified":"2021-03-21T14:49:28","modified_gmt":"2021-03-21T14:49:28","slug":"aronija-sadnica","status":"publish","type":"product","link":"https:\/\/rasadniksavarika.rs\/index.php\/product\/aronija-sadnica\/","title":{"rendered":"Aronija sadnica"},"content":{"rendered":"<p>Aronija je malo poznata vo\u0107na vrsta u Srbiji. Pripada familiji ru\u017ea (Rosaceae). Pored crne (A. melanocarpa), poznate su jo\u0161 i crvena (A. arbutifolia) i purpurna (A. prunifolia), koje se gaje kao ukrasne biljke. Botani\u010dki gledano, pripada rodu oskoru\u0161a (Sorbus spp. ), zato je aronija poznata i kao crna oskoru\u0161a. U na\u0161em rasadniku prodaju se sadnice crnoplodne aronije sorte \u2018Nero\u2019.<\/p>\n<p>Crnoplodna aronija se gaji kao vo\u0107ka ili ukrsana biljka koja cveta u maju belim cvetnim grozdovima, a u jesen listovi menjaju boju u crvene nijanse. Aronija predstavlja vi\u0161egodi\u0161nji \u017ebun koji raste 1-1,5 m na peskovitim terenima, odnosno 2-3 m na bogatijim zemlji\u0161tima. Ova vo\u0107na vrsta uspeva na svim tipovima zemlji\u0161ta osim na preterano vla\u017enim i mo\u010dvarnim. U osnovi prinos i kvalitet plodova raste sa pove\u0107anjem plodnosti zemlji\u0161ta. Najpogodiniji su tereni koji imaju blago kiselu reakciju (pH 5,5-6). Mo\u017ee se gajiti i na terenima sa visokim podzemnim vodama gde drugo vo\u0107e ne uspeva. Me\u0111utim, ako se voda u du\u017eem periodu zadr\u017eava na manjoj dubini od 50 cm biljke mogu pretrpeti o\u0161te\u0107enja. Podjednako dobro uspeva u ravnici i na ve\u0107im nadmorskim visinama do 1.500 m. Izuzetno je otporna na hladno\u0107u \u2013 aronija opstaje i u uslovima kada se zimske temperature spu\u0161taju i ispod -35\u02daC.\u00a0 Aronija ima izra\u017eenu potrebu za svetlo\u0161\u0107u: mo\u017ee izdr\u017eati manje plodna zemlji\u0161ta, ali ne i smanjenu osvetljenost. Zato se nikako ne preporu\u010duje sadnja u senci drugog drve\u0107a i grmlja.<\/p>\n","protected":false},"excerpt":{"rendered":"<h3><span data-text-color=\"success\"><em>&#8220;Aronia Melanocarpa&#8221;<\/em><\/span><\/h3>\n<p>U ponudi dvogodi\u0161nje sadnice golog korena.<br \/>\nVisina oko 50 cm .<\/p>\n","protected":false},"featured_media":1115,"comment_status":"closed","ping_status":"closed","template":"","meta":[],"product_brand":[],"product_cat":[20],"product_tag":[28],"class_list":{"0":"post-746","1":"product","2":"type-product","3":"status-publish","4":"has-post-thumbnail","6":"product_cat-vocne-sadnice","7":"product_tag-aronija","9":"first","10":"instock","11":"shipping-taxable","12":"purchasable","13":"product-type-simple"},"jetpack_sharing_enabled":true,"_links":{"self":[{"href":"https:\/\/rasadniksavarika.rs\/index.php\/wp-json\/wp\/v2\/product\/746","targetHints":{"allow":["GET"]}}],"collection":[{"href":"https:\/\/rasadniksavarika.rs\/index.php\/wp-json\/wp\/v2\/product"}],"about":[{"href":"https:\/\/rasadniksavarika.rs\/index.php\/wp-json\/wp\/v2\/types\/product"}],"replies":[{"embeddable":true,"href":"https:\/\/rasadniksavarika.rs\/index.php\/wp-json\/wp\/v2\/comments?post=746"}],"wp:featuredmedia":[{"embeddable":true,"href":"https:\/\/rasadniksavarika.rs\/index.php\/wp-json\/wp\/v2\/media\/1115"}],"wp:attachment":[{"href":"https:\/\/rasadniksavarika.rs\/index.php\/wp-json\/wp\/v2\/media?parent=746"}],"wp:term":[{"taxonomy":"product_brand","embeddable":true,"href":"https:\/\/rasadniksavarika.rs\/index.php\/wp-json\/wp\/v2\/product_brand?post=746"},{"taxonomy":"product_cat","embeddable":true,"href":"https:\/\/rasadniksavarika.rs\/index.php\/wp-json\/wp\/v2\/product_cat?post=746"},{"taxonomy":"product_tag","embeddable":true,"href":"https:\/\/rasadniksavarika.rs\/index.php\/wp-json\/wp\/v2\/product_tag?post=746"}],"curies":[{"name":"wp","href":"https:\/\/api.w.org\/{rel}","templated":true}]}}