{"id":831,"date":"2021-03-13T15:41:50","date_gmt":"2021-03-13T15:41:50","guid":{"rendered":"http:\/\/rasadniksavarika.rs\/?post_type=product&#038;p=831"},"modified":"2021-03-18T18:33:59","modified_gmt":"2021-03-18T18:33:59","slug":"heuhera-sa-slike-sadnica","status":"publish","type":"product","link":"https:\/\/rasadniksavarika.rs\/index.php\/product\/heuhera-sa-slike-sadnica\/","title":{"rendered":"Heuhera golden"},"content":{"rendered":"<p>Koralni zvon\u010di\u0107 &#8211; Heuchera je jedna od najpopularnijih zimzelenih trajnica za sun\u010dane i\u00a0 polusenovite polo\u017eaje u vrtu. Krase je lepi, dekorativni listovi i sitni gracilni cveti\u0107i.<\/p>\n<p>Ima ih puno sorti koje se najvi\u0161e razlikuju po boji li\u0161\u0107a. Njihov adut \u2013 li\u0161\u0107e mo\u017ee biti od svetlo zelene, sivo-zelene, tamno zelene, tamnocrvene, bronzano-crvene pa sve do sme\u0111e boje. Kod nekih vrsta su izra\u017eene \u017eilice na listovima ili su listovi metalnog sjaja &#8211;\u00a0 \u0161to ih \u010dini jo\u0161 lep\u0161ima.\u00a0 Uz lepe listove, za vreme cvetanja (od 5. \u2013 7. m.) koralni zvon\u010di\u0107 je jo\u0161 dekorativniji jer ga krase sitni zvon\u010di\u0107i na filigransko razgranatim stabljikama koje mogu izrasti u visinu i do 90 cm. Cveti\u0107i mogu biti beli, roze i crveni.\u00a0 Posle cvetanja cvetne stapke treba odrezati.<\/p>\n<p>Li\u0161\u0107e ne izdr\u017ei uvijek celu zimu. Ako se vi\u0161e puta kroz zimu izmene razdoblja mraza i ne\u0161to toplijeg vremena, li\u0161\u0107e \u0107e verovatno povenuti, ali u prole\u0107e \u0107e novo poterati. Cela biljka uglavnom dobro prezimljuje na kontinentu, ali ako je temperatura ni\u017ea od minus 15 st. C, u vreme golomrazice je treba pokriti crnogori\u010dnim gran\u010dicama. Treba je posaditi dosta duboko, jer se s vremenom korenova gruda pomi\u010de prema gore pa je onda treba nagrnuti kompostom.<\/p>\n","protected":false},"excerpt":{"rendered":"<p>Koralni zvon\u010di\u0107 &#8211; Heuchera je jedna od najpopularnijih zimzelenih trajnica za sun\u010dane i\u00a0 polusenovite polo\u017eaje u vrtu. Krase je lepi, dekorativni listovi i sitni gracilni cveti\u0107i. Ima ih puno sorti koje se najvi\u0161e razlikuju po boji li\u0161\u0107a. Njihov adut \u2013 li\u0161\u0107e mo\u017ee biti od svetlo zelene, sivo-zelene, tamno zelene, tamnocrvene, bronzano-crvene pa sve do sme\u0111e [&#8230;]\n","protected":false},"featured_media":1062,"comment_status":"closed","ping_status":"closed","template":"","meta":[],"product_brand":[],"product_cat":[26],"product_tag":[53,29,52],"class_list":{"0":"post-831","1":"product","2":"type-product","3":"status-publish","4":"has-post-thumbnail","6":"product_cat-sukulenti","7":"product_tag-heuhera","8":"product_tag-sadnice","9":"product_tag-sukulenti","11":"first","12":"instock","13":"shipping-taxable","14":"purchasable","15":"product-type-simple"},"jetpack_sharing_enabled":true,"_links":{"self":[{"href":"https:\/\/rasadniksavarika.rs\/index.php\/wp-json\/wp\/v2\/product\/831","targetHints":{"allow":["GET"]}}],"collection":[{"href":"https:\/\/rasadniksavarika.rs\/index.php\/wp-json\/wp\/v2\/product"}],"about":[{"href":"https:\/\/rasadniksavarika.rs\/index.php\/wp-json\/wp\/v2\/types\/product"}],"replies":[{"embeddable":true,"href":"https:\/\/rasadniksavarika.rs\/index.php\/wp-json\/wp\/v2\/comments?post=831"}],"wp:featuredmedia":[{"embeddable":true,"href":"https:\/\/rasadniksavarika.rs\/index.php\/wp-json\/wp\/v2\/media\/1062"}],"wp:attachment":[{"href":"https:\/\/rasadniksavarika.rs\/index.php\/wp-json\/wp\/v2\/media?parent=831"}],"wp:term":[{"taxonomy":"product_brand","embeddable":true,"href":"https:\/\/rasadniksavarika.rs\/index.php\/wp-json\/wp\/v2\/product_brand?post=831"},{"taxonomy":"product_cat","embeddable":true,"href":"https:\/\/rasadniksavarika.rs\/index.php\/wp-json\/wp\/v2\/product_cat?post=831"},{"taxonomy":"product_tag","embeddable":true,"href":"https:\/\/rasadniksavarika.rs\/index.php\/wp-json\/wp\/v2\/product_tag?post=831"}],"curies":[{"name":"wp","href":"https:\/\/api.w.org\/{rel}","templated":true}]}}