{"id":894,"date":"2021-03-13T16:53:18","date_gmt":"2021-03-13T16:53:18","guid":{"rendered":"http:\/\/rasadniksavarika.rs\/?post_type=product&#038;p=894"},"modified":"2021-03-18T19:03:31","modified_gmt":"2021-03-18T19:03:31","slug":"orlovi-nokti-sarenolisni-sadnice","status":"publish","type":"product","link":"https:\/\/rasadniksavarika.rs\/index.php\/product\/orlovi-nokti-sarenolisni-sadnice\/","title":{"rendered":"Orlovi nokti \u0161arenolisni sadnice"},"content":{"rendered":"<p>Listopadna biljka lonicera dosti\u017ee visinu do 4 a neke \u010dak i do 10 metara. Donji listovi su elipsoidni dok su gornji listovi me\u0111usobno srasli. Cvetovi dana\u0161njih varijeteta mogu biti u razli\u010ditim bojama &#8211; od ru\u017ei\u010dasto-crvene i belo-\u017eute kombinacije, pa sve do narand\u017eastih, jarkih cvasti. Najlep\u0161i miris lonicera \u0161iri u junu kad su cvasti potpuno otvorene. Postoje dve razli\u010dite vrste &#8211; \u017ebunasta lonicera, koja je ne\u0161to ni\u017ea i puzavica, koja se najvi\u0161e koristi za obrastanje zidova, ograda i pergola. Njoj treba obezbediti dobar oslonac.<\/p>\n","protected":false},"excerpt":{"rendered":"<p>U ponudi sadnice u saksiji visine oko 50 cm.<\/p>\n","protected":false},"featured_media":1073,"comment_status":"closed","ping_status":"closed","template":"","meta":[],"product_brand":[],"product_cat":[24],"product_tag":[72,29,71],"class_list":{"0":"post-894","1":"product","2":"type-product","3":"status-publish","4":"has-post-thumbnail","6":"product_cat-ukrasne-loze","7":"product_tag-orlovi-nokti","8":"product_tag-sadnice","9":"product_tag-ukrasne-loze","11":"first","12":"instock","13":"shipping-taxable","14":"purchasable","15":"product-type-simple"},"jetpack_sharing_enabled":true,"_links":{"self":[{"href":"https:\/\/rasadniksavarika.rs\/index.php\/wp-json\/wp\/v2\/product\/894","targetHints":{"allow":["GET"]}}],"collection":[{"href":"https:\/\/rasadniksavarika.rs\/index.php\/wp-json\/wp\/v2\/product"}],"about":[{"href":"https:\/\/rasadniksavarika.rs\/index.php\/wp-json\/wp\/v2\/types\/product"}],"replies":[{"embeddable":true,"href":"https:\/\/rasadniksavarika.rs\/index.php\/wp-json\/wp\/v2\/comments?post=894"}],"wp:featuredmedia":[{"embeddable":true,"href":"https:\/\/rasadniksavarika.rs\/index.php\/wp-json\/wp\/v2\/media\/1073"}],"wp:attachment":[{"href":"https:\/\/rasadniksavarika.rs\/index.php\/wp-json\/wp\/v2\/media?parent=894"}],"wp:term":[{"taxonomy":"product_brand","embeddable":true,"href":"https:\/\/rasadniksavarika.rs\/index.php\/wp-json\/wp\/v2\/product_brand?post=894"},{"taxonomy":"product_cat","embeddable":true,"href":"https:\/\/rasadniksavarika.rs\/index.php\/wp-json\/wp\/v2\/product_cat?post=894"},{"taxonomy":"product_tag","embeddable":true,"href":"https:\/\/rasadniksavarika.rs\/index.php\/wp-json\/wp\/v2\/product_tag?post=894"}],"curies":[{"name":"wp","href":"https:\/\/api.w.org\/{rel}","templated":true}]}}